{"id":320,"date":"2020-10-01T19:13:44","date_gmt":"2020-10-01T17:13:44","guid":{"rendered":"http:\/\/localhost:8888\/wordpress\/?page_id=320"},"modified":"2025-07-08T19:46:22","modified_gmt":"2025-07-08T17:46:22","slug":"presentation","status":"publish","type":"page","link":"http:\/\/choeurdesrivesdelathur.com\/index.php\/le-choeur\/presentation\/","title":{"rendered":"PRESENTATION"},"content":{"rendered":"\n<div style=\"height:40px\" aria-hidden=\"true\" class=\"wp-block-spacer\"><\/div>\n\n\n<div class=\"wp-block-image\">\n<figure class=\"aligncenter size-large\"><img loading=\"lazy\" decoding=\"async\" width=\"1024\" height=\"533\" src=\"http:\/\/choeurdesrivesdelathur.com\/wp-content\/uploads\/2025\/07\/DSC03614-copie-A2-1024x533.jpg\" alt=\"\" class=\"wp-image-1120\" srcset=\"http:\/\/choeurdesrivesdelathur.com\/wp-content\/uploads\/2025\/07\/DSC03614-copie-A2-1024x533.jpg 1024w, http:\/\/choeurdesrivesdelathur.com\/wp-content\/uploads\/2025\/07\/DSC03614-copie-A2-300x156.jpg 300w, http:\/\/choeurdesrivesdelathur.com\/wp-content\/uploads\/2025\/07\/DSC03614-copie-A2-768x400.jpg 768w, http:\/\/choeurdesrivesdelathur.com\/wp-content\/uploads\/2025\/07\/DSC03614-copie-A2-1536x799.jpg 1536w, http:\/\/choeurdesrivesdelathur.com\/wp-content\/uploads\/2025\/07\/DSC03614-copie-A2-2048x1066.jpg 2048w\" sizes=\"auto, (max-width: 1024px) 100vw, 1024px\" \/><\/figure>\n<\/div>\n\n\n<h5 class=\"wp-block-heading has-text-align-center\"><strong>Choeur mixte d\u2019une soixantaine de choristes<\/strong><\/h5>\n\n\n\n<div style=\"height:27px\" aria-hidden=\"true\" class=\"wp-block-spacer\"><\/div>\n\n\n\n<p class=\"has-black-color has-very-light-gray-background-color has-text-color has-background has-normal-font-size\">Le Choeur des Rives de la Thur, cr\u00e9\u00e9 il y a pr\u00e8s de quarante ans, est plac\u00e9 depuis septembre 2009 sous la direction de Pascale PARAYRE, qui met ses comp\u00e9tences au service de la soixantaine de choristes que compte le choeur.<br>Sous l\u2019impulsion ferme et efficace de sa cheffe, le choeur aborde un r\u00e9pertoire vari\u00e9, tant religieux que profane.<br>Les choristes s\u2019appliquent \u00e0 faire de la musique sans jamais dissocier les notes de l\u2019expression, et de la technique vocale de l\u2019\u00e9motion.<\/p>\n\n\n\n<div style=\"height:27px\" aria-hidden=\"true\" class=\"wp-block-spacer\"><\/div>\n\n\n\n<div class=\"wp-block-columns is-layout-flex wp-container-core-columns-is-layout-9d6595d7 wp-block-columns-is-layout-flex\">\n<div class=\"wp-block-column is-layout-flow wp-block-column-is-layout-flow\" style=\"flex-basis:44%\">\n<p class=\"has-text-color\" style=\"color:#2d8fff\"><em><strong>Pascale PARAYRE,<\/strong> Cheffe de Choeur<\/em><\/p>\n\n\n<div class=\"wp-block-image is-style-default\">\n<figure class=\"alignleft size-full is-resized\"><img loading=\"lazy\" decoding=\"async\" width=\"1200\" height=\"1600\" src=\"http:\/\/choeurdesrivesdelathur.com\/wp-content\/uploads\/2025\/07\/IMG-20250414-WA0020.jpg\" alt=\"\" class=\"wp-image-1121\" style=\"aspect-ratio:1.0289855072463767;object-fit:cover;width:352px;height:auto\" srcset=\"http:\/\/choeurdesrivesdelathur.com\/wp-content\/uploads\/2025\/07\/IMG-20250414-WA0020.jpg 1200w, http:\/\/choeurdesrivesdelathur.com\/wp-content\/uploads\/2025\/07\/IMG-20250414-WA0020-225x300.jpg 225w, http:\/\/choeurdesrivesdelathur.com\/wp-content\/uploads\/2025\/07\/IMG-20250414-WA0020-768x1024.jpg 768w, http:\/\/choeurdesrivesdelathur.com\/wp-content\/uploads\/2025\/07\/IMG-20250414-WA0020-1152x1536.jpg 1152w\" sizes=\"auto, (max-width: 1200px) 100vw, 1200px\" \/><\/figure>\n<\/div><\/div>\n\n\n\n<div class=\"wp-block-column is-layout-flow wp-block-column-is-layout-flow\">\n<p class=\"has-text-color\" style=\"color:#2d8fff\"><strong><em>La formation des choristes<\/em><\/strong><\/p>\n\n\n\n<figure class=\"wp-block-image size-large\"><img loading=\"lazy\" decoding=\"async\" width=\"1024\" height=\"576\" src=\"http:\/\/exijfav.cluster030.hosting.ovh.net\/wp-content\/uploads\/2022\/09\/20190608_120357-1024x576.jpeg\" alt=\"\" class=\"wp-image-648\" srcset=\"http:\/\/choeurdesrivesdelathur.com\/wp-content\/uploads\/2022\/09\/20190608_120357-1024x576.jpeg 1024w, http:\/\/choeurdesrivesdelathur.com\/wp-content\/uploads\/2022\/09\/20190608_120357-300x169.jpeg 300w, http:\/\/choeurdesrivesdelathur.com\/wp-content\/uploads\/2022\/09\/20190608_120357-768x432.jpeg 768w, http:\/\/choeurdesrivesdelathur.com\/wp-content\/uploads\/2022\/09\/20190608_120357.jpeg 1334w\" sizes=\"auto, (max-width: 1024px) 100vw, 1024px\" \/><figcaption class=\"wp-element-caption\"><em>Avec Marie BOCHELEN en &nbsp;juin 2019<\/em><\/figcaption><\/figure>\n\n\n\n<p>Le Choeur des Rives de la Thur s\u2019est engag\u00e9 depuis quelque temps dans des actions de formation vocale pour permettre \u00e0 ses membres de :<br>\u2022 Mieux appr\u00e9hender le chant par une bonne connaissance de soi<br>\u2022 Am\u00e9liorer la technique vocale<br>\u2022 Gagner en assurance et prendre davantage de plaisir \u00e0 chanter.<br><br>Ces formations ont \u00e9t\u00e9 assur\u00e9es par Catherine Fender et Marie Bochelen<\/p>\n<\/div>\n<\/div>\n\n\n\n<p class=\"has-text-color\" style=\"color:#2d8fff\"><em><strong>Beno\u00eet PARAYRE<\/strong>, organiste<\/em><\/p>\n\n\n\n<figure class=\"wp-block-image size-full is-resized\"><img loading=\"lazy\" decoding=\"async\" width=\"1008\" height=\"660\" src=\"http:\/\/exijfav.cluster030.hosting.ovh.net\/wp-content\/uploads\/2022\/09\/Noel-19-Thann-Cap-2.jpg\" alt=\"\" class=\"wp-image-680\" style=\"width:428px;height:281px\" srcset=\"http:\/\/choeurdesrivesdelathur.com\/wp-content\/uploads\/2022\/09\/Noel-19-Thann-Cap-2.jpg 1008w, http:\/\/choeurdesrivesdelathur.com\/wp-content\/uploads\/2022\/09\/Noel-19-Thann-Cap-2-300x196.jpg 300w, http:\/\/choeurdesrivesdelathur.com\/wp-content\/uploads\/2022\/09\/Noel-19-Thann-Cap-2-768x503.jpg 768w\" sizes=\"auto, (max-width: 1008px) 100vw, 1008px\" \/><\/figure>\n\n\n\n<div style=\"height:20px\" aria-hidden=\"true\" class=\"wp-block-spacer\"><\/div>\n","protected":false},"excerpt":{"rendered":"<p>Choeur mixte d\u2019une soixantaine de choristes Le Choeur des Rives de la Thur, cr\u00e9\u00e9 il y a pr\u00e8s de quarante ans, est plac\u00e9 depuis septembre 2009 sous la direction de Pascale PARAYRE, qui met ses comp\u00e9tences au service de la &hellip; <a href=\"http:\/\/choeurdesrivesdelathur.com\/index.php\/le-choeur\/presentation\/\">Lire la suite\u00ad\u00ad<\/a><\/p>\n","protected":false},"author":1,"featured_media":0,"parent":16,"menu_order":0,"comment_status":"closed","ping_status":"closed","template":"","meta":{"kt_blocks_editor_width":"","footnotes":""},"class_list":["post-320","page","type-page","status-publish","hentry"],"_links":{"self":[{"href":"http:\/\/choeurdesrivesdelathur.com\/index.php\/wp-json\/wp\/v2\/pages\/320","targetHints":{"allow":["GET"]}}],"collection":[{"href":"http:\/\/choeurdesrivesdelathur.com\/index.php\/wp-json\/wp\/v2\/pages"}],"about":[{"href":"http:\/\/choeurdesrivesdelathur.com\/index.php\/wp-json\/wp\/v2\/types\/page"}],"author":[{"embeddable":true,"href":"http:\/\/choeurdesrivesdelathur.com\/index.php\/wp-json\/wp\/v2\/users\/1"}],"replies":[{"embeddable":true,"href":"http:\/\/choeurdesrivesdelathur.com\/index.php\/wp-json\/wp\/v2\/comments?post=320"}],"version-history":[{"count":6,"href":"http:\/\/choeurdesrivesdelathur.com\/index.php\/wp-json\/wp\/v2\/pages\/320\/revisions"}],"predecessor-version":[{"id":1123,"href":"http:\/\/choeurdesrivesdelathur.com\/index.php\/wp-json\/wp\/v2\/pages\/320\/revisions\/1123"}],"up":[{"embeddable":true,"href":"http:\/\/choeurdesrivesdelathur.com\/index.php\/wp-json\/wp\/v2\/pages\/16"}],"wp:attachment":[{"href":"http:\/\/choeurdesrivesdelathur.com\/index.php\/wp-json\/wp\/v2\/media?parent=320"}],"curies":[{"name":"wp","href":"https:\/\/api.w.org\/{rel}","templated":true}]}}