{"id":321,"date":"2020-10-01T19:13:44","date_gmt":"2020-10-01T17:13:44","guid":{"rendered":"http:\/\/localhost:8888\/wordpress\/?page_id=321"},"modified":"2025-07-08T19:51:24","modified_gmt":"2025-07-08T17:51:24","slug":"historique","status":"publish","type":"page","link":"http:\/\/choeurdesrivesdelathur.com\/index.php\/historique\/","title":{"rendered":"HISTORIQUE"},"content":{"rendered":"\n<div style=\"height:36px\" aria-hidden=\"true\" class=\"wp-block-spacer\"><\/div>\n\n\n\n<p class=\"has-text-align-center\" style=\"font-size:17px\"><\/p>\n\n\n\n<p class=\"has-text-align-left has-black-color has-very-light-gray-background-color has-text-color has-background\" style=\"font-size:16px\">L&rsquo;histoire du Choeur d\u00e9bute en 1975, losque l&rsquo;abb\u00e9 Sifferlen, alors recteur de la basilique de Thierenbach, d\u00e9cide d&rsquo;enregistrer un disque pour financer les travaux de r\u00e9novation de son \u00e9glise. Il contacte son ami, Fran\u00e7ois Keller, alors directeur de la chorale de Steinbach, afin qu&rsquo;il rassemble des choristes provenant des paroisses environnantes.<br><br>Une centraine de choristes travailla pour la production du disque dont la vente eut un beau succ\u00e8s. Fran\u00e7ois Keller eut l&rsquo;id\u00e9e de maintenir ce choeur et de nombreux choristes se retrouv\u00e8rent tous les 15 jours, alternativement au foyer de Steinbach et \u00e0 la salle polyvalente de Saint-Amarin, pour travailler un r\u00e9pertoire pouvant convenir \u00e0 une centaine de choristes.<br><br>En 1977, l&rsquo;id\u00e9e de se regrouper en association germa&nbsp;: le choeur des Rives de la Thur \u00e9tait n\u00e9, avec \u00e0 sa direction Fran\u00e7ois Keller et \u00e0 la pr\u00e9sidence, Jean-Marie Maurer.<br><br>2 membres fondateurs sont encore actifs&nbsp;: Brigitte et Claude (merci \u00e0 lui pour ces informations pr\u00e9cieuses !)<\/p>\n\n\n\n<p><\/p>\n\n\n\n<div class=\"wp-block-columns is-layout-flex wp-container-core-columns-is-layout-9d6595d7 wp-block-columns-is-layout-flex\">\n<div class=\"wp-block-column is-layout-flow wp-block-column-is-layout-flow\">\n<h3 class=\"wp-block-heading has-text-align-center has-text-color\" style=\"color:#2d8fff\"><em>Les Chefs de Ch\u0153ur<\/em><\/h3>\n\n\n\n<div class=\"wp-block-group has-very-light-gray-background-color has-background\"><div class=\"wp-block-group__inner-container is-layout-flow wp-block-group-is-layout-flow\">\n<p class=\"has-text-align-center has-normal-font-size\">Pascale PARAYRE depuis 2009<\/p>\n\n\n\n<p class=\"has-text-align-center has-normal-font-size\">Isabelle JOST de 2001 \u00e0 2009<\/p>\n\n\n\n<p class=\"has-text-align-center has-normal-font-size\">Fr\u00e9d\u00e9ric JOCHUM de 2000 \u00e0 2001<\/p>\n\n\n\n<p class=\"has-text-align-center has-normal-font-size\">David CATTACIN de 1997 \u00e0 2000<\/p>\n\n\n\n<p class=\"has-text-align-center has-normal-font-size\">Marthe MOINET de 1995 \u00e0 1997<\/p>\n\n\n\n<p class=\"has-text-align-center has-normal-font-size\">Chantal STUDER de 1993 \u00e0 1995<\/p>\n\n\n\n<p class=\"has-text-align-center has-normal-font-size\">Fran\u00e7ois KELLER de 1982 \u00e0 1993<\/p>\n<\/div><\/div>\n<\/div>\n\n\n\n<div class=\"wp-block-column is-layout-flow wp-block-column-is-layout-flow\">\n<h3 class=\"wp-block-heading has-text-align-center has-text-color\" style=\"color:#2d8fff\"><em>Les Pr\u00e9sident(e)s<\/em> ou copr\u00e9sident(e)s<\/h3>\n\n\n\n<div class=\"wp-block-group has-very-light-gray-background-color has-background\"><div class=\"wp-block-group__inner-container is-layout-flow wp-block-group-is-layout-flow\">\n<p><\/p>\n\n\n\n<p class=\"has-text-align-center\" style=\"font-size:16px\">Chistiane NICKLAUS &amp; Aline MARTINEZ depuis 2025<\/p>\n\n\n\n<p class=\"has-text-align-center\" style=\"font-size:16px\">Charlotte DEROUSSEAU de 2021 \u00e0 2024<\/p>\n\n\n\n<p class=\"has-text-align-center has-normal-font-size\">Catherine BUESSLER SCHAFFNER de 2020 \u00e0 2021<\/p>\n\n\n\n<p class=\"has-text-align-center has-normal-font-size\">R\u00e9my KERN de 2014 \u00e0 2020<\/p>\n\n\n\n<p class=\"has-text-align-center has-normal-font-size\">Jocelyne MEYER de 2012 \u00e0 2014<\/p>\n\n\n\n<p class=\"has-text-align-center has-normal-font-size\">R\u00e9my KERN de 2004 \u00e0 2012<\/p>\n\n\n\n<p class=\"has-text-align-center has-normal-font-size\">J.M. WEINSTOERFFER de 2000 \u00e0 2004<\/p>\n\n\n\n<p class=\"has-text-align-center has-normal-font-size\">Serge BOUREL de 1995 \u00e0 2000<\/p>\n\n\n\n<p class=\"has-text-align-center has-normal-font-size\">Philippe SOREAU de 1992 \u00e0 1995<\/p>\n\n\n\n<p class=\"has-text-align-center has-normal-font-size\">Henri BURGUNDER de 1986 \u00e0 1992<\/p>\n\n\n\n<p class=\"has-text-align-center has-normal-font-size\">Jean-Marie MAURER de 1982 \u00e0 1986<\/p>\n<\/div><\/div>\n<\/div>\n<\/div>\n\n\n\n<p><\/p>\n","protected":false},"excerpt":{"rendered":"<p>L&rsquo;histoire du Choeur d\u00e9bute en 1975, losque l&rsquo;abb\u00e9 Sifferlen, alors recteur de la basilique de Thierenbach, d\u00e9cide d&rsquo;enregistrer un disque pour financer les travaux de r\u00e9novation de son \u00e9glise. Il contacte son ami, Fran\u00e7ois Keller, alors directeur de la chorale &hellip; <a href=\"http:\/\/choeurdesrivesdelathur.com\/index.php\/historique\/\">Lire la suite\u00ad\u00ad<\/a><\/p>\n","protected":false},"author":1,"featured_media":0,"parent":0,"menu_order":0,"comment_status":"closed","ping_status":"closed","template":"","meta":{"kt_blocks_editor_width":"","footnotes":""},"class_list":["post-321","page","type-page","status-publish","hentry"],"_links":{"self":[{"href":"http:\/\/choeurdesrivesdelathur.com\/index.php\/wp-json\/wp\/v2\/pages\/321","targetHints":{"allow":["GET"]}}],"collection":[{"href":"http:\/\/choeurdesrivesdelathur.com\/index.php\/wp-json\/wp\/v2\/pages"}],"about":[{"href":"http:\/\/choeurdesrivesdelathur.com\/index.php\/wp-json\/wp\/v2\/types\/page"}],"author":[{"embeddable":true,"href":"http:\/\/choeurdesrivesdelathur.com\/index.php\/wp-json\/wp\/v2\/users\/1"}],"replies":[{"embeddable":true,"href":"http:\/\/choeurdesrivesdelathur.com\/index.php\/wp-json\/wp\/v2\/comments?post=321"}],"version-history":[{"count":2,"href":"http:\/\/choeurdesrivesdelathur.com\/index.php\/wp-json\/wp\/v2\/pages\/321\/revisions"}],"predecessor-version":[{"id":1125,"href":"http:\/\/choeurdesrivesdelathur.com\/index.php\/wp-json\/wp\/v2\/pages\/321\/revisions\/1125"}],"wp:attachment":[{"href":"http:\/\/choeurdesrivesdelathur.com\/index.php\/wp-json\/wp\/v2\/media?parent=321"}],"curies":[{"name":"wp","href":"https:\/\/api.w.org\/{rel}","templated":true}]}}